of 36806?
3
What is the thousands digit of 4081?
4
What is the hundreds digit of 79255?
2
What is the thousands digit of 1087?
1
What is the units digit of 5207?
7
What is the thousands digit of 2551?
2
What is the hundreds digit of 16029?
0
What is the hundreds digit of 2935?
9
What is the units digit of 5634?
4
What is the hundreds digit of 741?
7
What is the tens digit of 65865?
6
What is the hundreds digit of 9155?
1
What is the thousands digit of 5891?
5
What is the thousands digit of 6320?
6
What is the hundreds digit of 63233?
2
What is the units digit of 75644?
4
What is the thousands digit of 1397?
1
What is the tens digit of 5711?
1
What is the hundreds digit of 535?
5
What is the thousands digit of 19358?
9
What is the hundreds digit of 2212?
2
What is the hundreds digit of 1847?
8
What is the hundreds digit of 961?
9
What is the hundreds digit of 2190?
1
What is the units digit of 17099?
9
What is the units digit of 102698?
8
What is the hundreds digit of 775?
7
What is the units digit of 4020?
0
What is the units digit of 4335?
5
What is the tens digit of 16518?
1
What is the thousands digit of 18244?
8
What is the tens digit of 92219?
1
What is the hundreds digit of 1991?
9
What is the units digit of 30915?
5
What is the ten thousands digit of 10571?
1
What is the tens digit of 51654?
5
What is the hundreds digit of 28095?
0
What is the ten thousands digit of 28651?
2
What is the tens digit of 2606?
0
What is the thousands digit of 105524?
5
What is the hundreds digit of 1945?
9
What is the units digit of 24047?
7
What is the units digit of 31003?
3
What is the units digit of 832?
2
What is the units digit of 2729?
9
What is the units digit of 45693?
3
What is the thousands digit of 1977?
1
What is the tens digit of 107670?
7
What is the hundreds digit of 9974?
9
What is the thousands digit of 43078?
3
What is the thousands digit of 3165?
3
What is the hundreds digit of 62733?
7
What is the tens digit of 4483?
8
What is the hundreds digit of 7604?
6
What is the thousands digit of 27897?
7
What is the ten thousands digit of 45702?
4
What is the ten thousands digit of 54643?
5
What is the units digit of 2838?
8
What is the tens digit of 36416?
1
What is the hundreds digit of 525?
5
What is the thousands digit of 54678?
4
What is the hundreds digit of 3141?
1
What is the hundreds digit of 99017?
0
What is the units digit of 2489?
9
What is the units digit of 2320?
0
What is the units digit of 2954?
4
What is the units digit of 2603?
3
What is the thousands digit of 7404?
7
What is the thousands digit of 2079?
2
What is the hundreds digit of 3200?
2
What is the hundreds digit of 7995?
9
What is the thousands digit of 1618?
1
What is the units digit of 31818?
8
What is the ten thousands digit of 101216?
0
What is the thousands digit of 2138?
2
What is the ten thousands digit of 16659?
1
What is the units digit of 48601?
1
What is the tens digit of 26?
2
What is the ten thousands digit of 11746?
1
What is the tens digit of 975?
7
What is the ten thousands digit of 82737?
8
What is the tens digit of 10347?
4
What is the hundreds digit of 2757?
7
What is the tens digit of 377?
7
What is the thousands digit of 21351?
1
What is the tens digit of 2327?
2
What is the units digit of 14?
4
What is the units digit of 70408?
8
What is the thousands digit of 3042?
3
What is the ten thousands digit of 27041?
2
What is the tens digit of 941?
4
What is the tens digit of 5613?
1
What is the tens digit of 225?
2
What is the tens digit of 65249?
4
What is the ten thousands digit of 80029?
8
What is the tens digit of 14977?
7
What is the thousands digit of 44946?
4
What is the thousands digit of 12276?
2
What is the hundreds digit of 720?
7
What is the thousands digit of 5895?
5
What is the tens digit of 13419?
1
What is the tens digit of 8920?
2
What is the units digit of 972?
2
What is the thousands digit of 6807?
6
What is the units digit of 28140?
0
What is the units digit of 7098?
8
What is the thousands digit of 18927?
8
What is the thousands digit of 7643?
7
What is the tens digit of 1166?
6
What is the tens digit of 393?
9
What is the ten thousands digit of 145402?
4
What is the units digit of 9935?
5
What is the ten thousands digit of 13615?
1
What is the hundreds digit of 2879?
8
What is the tens digit of 9715?
1
What is the hundreds digit of 41503?
5
What is the hundreds digit of 21061?
0
What is the thousands digit of 1177?
1
What is the thousands digit of 4931?
4
What is the units digit of 475?
5
What is the tens digit of 252?
5
What is the tens digit of 331?
3
What is the thousands digit of 46136?
6
What is the hundreds digit of 4141?
1
What is the units digit of 534?
4
What is the tens digit of 22477?
7
What is the tens digit of 24209?
0
What is the ten thousands digit of 14629?
1
What is the units digit of 1179?
9
What is the tens digit of 2710?
1
What is the hundreds digit of 575?
5
What is the units digit of 833?
3
What is the tens digit of 10093?
9
What is the tens digit of 61922?
2
What is the units digit of 2029?
9
What is the units digit of 2022?
2
What is the thousands digit of 37362?
7
What is the tens digit of 11398?
9
What is the units digit of 21636?
6
What is the tens digit of 7825?
2
What is the thousands digit of 1206?
1
What is the hundreds digit of 4059?
0
What is the tens digit of 18851?
5
What is the thousands digit of 3093?
3
What is the hundreds digit of 669?
6
What is the units digit of 3266?
6
What is the units digit of 38966?
6
What is the tens digit of 8399?
9
What is the units digit of 22094?
4
What is the units digit of 342?
2
What is the hundreds digit of 9659?
6
What is the units digit of 469?
9
What is the units digit of 34043?
3
What is the units digit of 3060?
0
What is the thousands digit of 8888?
8
What is the hundreds digit of 333?
3
What is the thousands digit of 1083?
1
What is the hundreds digit of 42495?
4
What is the units digit of 54933?
3
What is the thousands digit of 45563?
5
What is the ten thousands digit of 14164?
1
What is the hundreds digit of 442?
4
What is the tens digit of 1144?
4
What is the thousands digit of 89072?
9
What is the tens digit of 360?
6
What is the hundreds digit of 151?
1
What is the hundreds digit of 4612?
6
What is the tens digit of 36716?
1
What is the thousands digit of 13174?
3
What is the hundreds digit of 13087?
0
What is the ten thousands digit of 43363?
4
What is the hundreds digit of 583?
5
What is the units digit of 11842?
2
What is the tens digit of 7241?
4
What is the units digit of 98?
8
What is the units digit of 1634?
4
What is the units digit of 37?
7
What is the hundreds digit of 5948?
9
What is the hundreds digit of 13524?
5
What is the hundreds digit of 1068?
0
What is the tens digit of 5089?
8
What is the units digit of 16517?
7
What is the hundreds digit of 1419?
4
What is the tens digit of 6612?
1
What is the hundreds digit of 6422?
4
What is the thousands digit of 1129?
1
What is the thousands digit of 1821?
1
What is the units digit of 897?
7
What is the thousands digit of 1217?
1
What is the hundreds digit of 1613?
6
What is the hundreds digit of 13412?
4
What is the units digit of 815?
5
What is the tens digit of 16362?
6
What is the units digit of 6179?
9
What is the units digit of 50509?
9
What is the ten thousands digit of 39861?
3
What is the hundred thousands digit of 109801?
1
What is the ten thousands digit of 17632?
1
What is the hundreds digit of 590?
5
What is the units digit of 6820?
0
What is the units digit of 9149?
9
What is the hundreds digit of 562?
5
What is the thousands digit of 9461?
9
What is the thousands digit of 8971?
8
What is the thousands digit of 1935?
1
What is the ten thousands digit of 80022?
8
What is the thousands digit of 6526?
6
What is the tens digit of 213?
1
What is the tens digit of 2319?
1
What is the units digit of 4771?
1
What is the hundreds digit of 25524?
5
What is the tens digit of 212?
1
What is the units digit of 3066?
6
What is the units digit of 2885?
5
What is the hundreds digit of 1399?
3
What is the tens digit of 2584?
8
What is the thousands digit of 1803?
1
What is the units digit of 288?
8
What is the units digit of 67193?
3
What is the thousands digit of 59909?
9
What is the hundreds